inder when 456 is divided by (36 - 20 - -33)*3?
15
Suppose 1338 = 4615*j - 4613*j. What is the remainder when j is divided by 131?
14
Suppose 25101 + 12252 = 171*c - 8988. Calculate the remainder when 856 is divided by c.
43
Suppose 8 = -33*w + 35*w. Suppose w*a - 262 = -58. What is the remainder when a is divided by 18?
15
Suppose -158492 - 135603 = -131*v. Calculate the remainder when v is divided by 746.
7
Suppose -3*t - 5*n = -232, -4*t - 3*n - 41 = -343. Let b(u) = 5*u**2 + 18*u + 30. Suppose 50*j + 13 = -187. Calculate the remainder when t is divided by b(j).
36
Let p be 4/6 - 26/3. Suppose 3 = u - 3*j, 18 = -u + 25*j - 29*j. Calculate the remainder when (p - u)*(2 - (-75)/(-2)) is divided by 36.
35
Let f = -49 + 132. Let a = -47 + f. Calculate the remainder when a is divided by ((-52)/16)/((-187)/44 - -4).
10
Suppose 43*x - 663 = 40*x. Let w = x - 145. Calculate the remainder when w is divided by 27.
22
What is the remainder when 3428 is divided by (-58)/(-5) + -23*(-36)/2070?
8
Let w be ((-14)/(-6))/(9/(-108)). Let g = -15 - w. Calculate the remainder when g is divided by (9 - -3)/(3 - 1).
1
Let o(c) = c**3 + 30*c**2 + 30*c + 54. Let k be o(-29). Suppose -5*i = -160 - k. Calculate the remainder when 87 is divided by i.
13
Let a(s) = -9*s**2 + 111*s - 10. What is the remainder when 775 is divided by a(11)?
43
Let x = 107 + -197. Suppose -2*z = 2191 - 2023. Let m = z - x. What is the remainder when 9 is divided by m?
3
Let x(y) = -147*y - 37. Let t be x(-1). Calculate the remainder when (t/(-88))/(2/(-1896)) is divided by 27.
24
Let c(g) = g**3 + 10*g**2 - 4*g - 22. Let o = -552 + 600. What is the remainder when c(-9) is divided by o?
47
What is the remainder when 322 is divided by (-585)/(-117)*(-2 + 1 - -4)?
7
Let x(f) = 3*f**2 - f + f + 6*f - 1. Suppose -24*i - 84 = 4*i. What is the remainder when 23 is divided by x(i)?
7
Let k(d) = -2*d**3 - 250*d**2 + 502*d - 743. Calculate the remainder when 136 is divided by k(-127).
3
Suppose 37639 = 72*n + 211*n. What is the remainder when 4919 is divided by n?
131
Let d = -78 + 107. Let r = -519 + 1011. What is the remainder when r is divided by d?
28
Suppose 4*i + 13 = 25. Suppose -104 = -i*c - c. Calculate the remainder when 49 is divided by c.
23
Let i = -6007 - -6077. What is the remainder when 655 is divided by i?
25
Suppose 2*v + 15 - 301 = 0. Calculate the remainder when v is divided by (-1)/1 + 21 + (24 - 33)/(-1).
27
Let a(f) = -20 + 5 - 2 + 4 - 16*f + 7. Calculate the remainder when 44 is divided by a(-1).
4
Suppose -5*c = 3*a - 339, c + 3*a - 81 = -2*a. Suppose 6 = -x + 3*x. Suppose 57 = -x*m + 6*m. Calculate the remainder when c is divided by m.
9
Let k = 1868 + -1496. Calculate the remainder when k is divided by 6.
0
Suppose 170*p - h - 524 = 165*p, p - 110 = -5*h. What is the remainder when 433 is divided by p?
13
Let j = -468 - -470. Suppose j*r + 56 = 68. Calculate the remainder when r is divided by 2.
0
Let b(d) = 11 - d - 2*d + 4 - 7*d**3 - 23 + 9. Suppose -11 + 5 = 3*z. Calculate the remainder when b(z) is divided by 11.
8
Let h(k) = 58*k - 362. What is the remainder when 350 is divided by h(8)?
44
Suppose 21*p + 2398 + 3671 = 0. Let r = -244 - p. Calculate the remainder when 269 is divided by r.
44
What is the remainder when 231 is divided by 5*101/15*3?
29
Let r(x) = 2*x**3 - 14*x**2 - 24*x + 18. Let t be r(12). Suppose t - 34 = 4*f. Calculate the remainder when f is divided by 15.
14
Let d = -109 + 92. Let a = -12 - d. Suppose 64 = y + 5*f, -4*y + a*f = -y - 132. Calculate the remainder when y is divided by 13.
10
Let t = -323 - -311. What is the remainder when 314 is divided by t + 12 - 18/(-2)?
8
What is the remainder when 1045*1 + (-53 - -48) + 13 is divided by 20?
13
Let d(g) = -9*g + 4. Let u be d(0). Suppose q + 270 = 6*q + y, q + u*y = 73. Calculate the remainder when q is divided by 11.
9
Let s(c) = 150*c**2 + 197*c - 1692. What is the remainder when s(8) is divided by 271?
270
Let z(c) = 2*c - 17. Let k(v) = -3*v + 16. Let y(a) = -4*k(a) - 5*z(a). Calculate the remainder when y(0) is divided by (-5)/(-25)*120/16*8.
9
Let r(w) = 7*w - 68. Let l be r(17). Suppose 0*o - l = o. Let h = o + 81. What is the remainder when 147 is divided by h?
27
Let l be (-8)/(-12) - ((-2829)/9 + 0). Suppose -777 = -3*p + l. What is the remainder when p/8*(-1 + 3) is divided by 23?
22
Let g = 27 - 11. Suppose 5*l + 5*d - 55 = 0, -4*d + g = -0*d. Calculate the remainder when 9 is divided by l.
2
Suppose 796 - 5130 = -22*i. What is the remainder when 395 is divided by i?
1
Let v(y) = 5*y**3 + y**2 - y - 3. Calculate the remainder when v(3) is divided by 1 - 7 - (376 - 402).
18
Suppose 678 = -824*h + 865*h - 2397. What is the remainder when 967 is divided by h?
67
Suppose 0*u - 475 = -5*u. Let l = -74 + u. Suppose -v + 4 = 0, 3*v - v - 164 = -4*p. Calculate the remainder when p is divided by l.
18
Suppose -30 = -357*h + 354*h. Suppose -q - z = -6*z + h, 12 = 3*z. What is the remainder when q is divided by 4?
2
Suppose 3*x = 5*w + 20, -2*w = x + 2*x + 8. What is the remainder when 319 is divided by (-27)/(-2)*(-24)/w?
76
Suppose -1770 = -5*l - 2*j, 2*l - 351 = 8*j + 357. What is the remainder when l is divided by 180?
174
Suppose 0 = -5*a - 3*t + 935, -2*a - 3*t + 4*t = -374. Calculate the remainder when a is divided by (-1617)/(-315) + (-3)/((-135)/(-6)).
2
What is the remainder when 593 is divided by ((-627)/(-44))/((-1)/(-20)*(-15)/(-9))?
80
Calculate the remainder when -4*(589/(-38) + 2) is divided by 29.
25
Suppose 3*w = 38 - 5. Let p = -1 - -1. Suppose p = 12*r - 374 - 406. What is the remainder when r is divided by w?
10
Suppose 53*b + 1027 = 1606 + 2283. Calculate the remainder when 800 is divided by b.
44
Let z(r) = -r**2 + 547*r - 33759. Suppose 5*q - 813 = -4*i, i + 5*q = -0*i + 207. What is the remainder when i is divided by z(71)?
17
Let c(m) = m**3 + 14*m**2 - 12*m + 1. Let g be c(-15). Let h = g + 62. Calculate the remainder when h is divided by 12.
6
Let q = -403 + 337. What is the remainder when (12 - 1)/(715/q + 11) is divided by 14?
10
Let v(y) = 33*y + 1606. Calculate the remainder when 1679 is divided by v(-36).
7
Let l(g) = -6*g - 16. Let w(z) = 208*z - 529. What is the remainder when w(3) is divided by l(-5)?
11
Let y = 30004 - 19911. What is the remainder when y is divided by 16?
13
Suppose -1225*v + 1228*v - 88 = 155. Calculate the remainder when 364 is divided by v.
40
Suppose n + 3*s + 163 = 301, -102 = -n + 3*s. What is the remainder when n is divided by 44?
32
Let a = 6596 - 6520. Calculate the remainder when 1504 is divided by a.
60
Suppose -758 = -2*l + 4*v, -3*l + 186*v - 185*v = -1117. What is the remainder when 1035 is divided by l?
293
Let n(m) = m. Let k(v) = 3*v + 1. Let c(i) = 4*k(i) - 9*n(i). Let u = -3400 + 3409. Calculate the remainder when 60 is divided by c(u).
29
Let b = -18021 - -19086. What is the remainder when b is divided by 5?
0
Suppose 5*n + 22 + 63 = -2*w, 0 = 4*w - 2*n + 182. Let s = w - -42. What is the remainder when ((-8)/(-12))/((-4)/(-288)) - s is divided by 11?
7
Suppose 4*t = -26*t - 120*t + 360900. Calculate the remainder when t is divided by 21.
12
What is the remainder when (-171)/19 + -4 + 17 is divided by ((-1)/(-2))/((-2)/(-12))?
1
Let x(s) = 6 + 66 - 9*s - 28 + 3*s + 55. Let b = 30 + 16. Calculate the remainder when x(-14) is divided by b.
45
What is the remainder when ((-1593)/(-6))/(-3)*-2 is divided by (-5598)/(-66) + 14/77?
7
Let d be 5/(540/31812) + 8/18. Let g = d - 106. What is the remainder when g is divided by 24?
21
Let l = -3247 + 3276. What is the remainder when 345 is divided by l?
26
Let r = -236 + 634. Calculate the remainder when r is divided by 135.
128
What is the remainder when (-2346)/138*(-61 - -3) is divided by 32?
26
Let j(k) = k**3 - 18*k**2 + 18*k - 3. Let w be j(17). Let g = 2 - w. What is the remainder when 41 is divided by (-2)/6 + (-172)/g?
13
What is the remainder when 103 is divided by ((-1)/(-2))/(26 - (-52702)/(-2028))?
25
Suppose 26*b - 27*b + 2*z = 1, 4*b + 2*z = 26. Let h(t) = 3*t**3 - 9*t**2 - 2*t - 6. Calculate the remainder when h(4) is divided by b.
4
Let y = -4213 + 6253. Suppose 28*p - y = 144. What is the remainder when p is divided by 29?
20
Let l be 1/2 - 3017/(-14). Suppose 